 + 2 = -v + 5*k. Calculate the greatest common divisor of v and 54.
6
Let x be 18/6*((-8)/(-6))/1. What is the highest common divisor of 10 and x?
2
Let d(b) = 6*b - 22. Let y be d(8). Let a(l) = -16*l + 4. Let n be a(-3). Calculate the highest common factor of n and y.
26
Suppose -2*q + 17 = 3*v, -4*q + 2*v + 19 = 5*v. What is the greatest common factor of q and 2?
1
Let q(u) = -u**2 + u + 5. Let a be q(4). Let f = a - -16. What is the greatest common divisor of f and 18?
9
Let f(v) = -v**3 + 11*v**2 - 6*v. Let k be f(4). What is the greatest common divisor of 8 and k?
8
Suppose x - 6*x + 300 = 0. Let z be (5/(-4))/(1/(-16)). What is the highest common divisor of x and z?
20
Let v be (3/(-2))/((-42)/1064). Calculate the greatest common divisor of 266 and v.
38
Suppose -11*l = -8*l + 63. Let j = l - -26. What is the greatest common divisor of 10 and j?
5
Let m = -1 - 0. Let f = 4 + m. Let u be 4/12 - (-164)/f. What is the greatest common divisor of 5 and u?
5
Suppose -5*x - 2 = -17. Suppose -k + 8 + 10 = 2*j, 5*j + x*k = 45. Calculate the highest common divisor of j and 3.
3
Let n = -37 + 46. What is the greatest common factor of n and 153?
9
Let u = 2 + 1. Let l be (u + -4)*-1 + 3. Let m be 1/(-4) - (-162)/8. Calculate the highest common divisor of m and l.
4
Let q = -14 + 52. Calculate the greatest common factor of q and 19.
19
Let q(t) = 7*t + 2. Let c be q(4). What is the highest common divisor of c and 6?
6
Let u = -162 - -234. What is the greatest common factor of 8 and u?
8
Suppose -420 = -7*p - 28. Calculate the highest common divisor of p and 7.
7
Let c = -30 - -15. Let a be (54/c)/(4/(-10)). Calculate the highest common factor of a and 9.
9
Suppose 3*r = 9*r - 84. Calculate the greatest common factor of r and 112.
14
Let t = -64 - -65. What is the greatest common factor of 17 and t?
1
Suppose -4*c = 13 - 93. Let a = c + -14. Calculate the greatest common divisor of a and 12.
6
Let k be (-1 - -19) + (-16)/8. Suppose b - k = -3*b. Suppose 3*i + 5*p = 147, 0*p + b*p = 12. Calculate the highest common divisor of 11 and i.
11
Suppose -2*s = -3*s + 3. Calculate the greatest common divisor of s and 3.
3
Suppose 164 = 3*j + 5*i, -5*j + 3*i = -0*j - 228. Suppose -j = -3*h + h. What is the greatest common factor of 8 and h?
8
Suppose 4*n - 35 = -n. Let c(s) = s**2 - 4*s - 9. Let d be c(n). Calculate the highest common factor of d and 18.
6
Let i = 25 + -23. Calculate the greatest common divisor of i and 14.
2
Let a be (-2 + 0)/((-2)/2). Let z be (-292)/(-18) - (-4)/(-18). Suppose a*u = 6*u - z. Calculate the greatest common divisor of u and 4.
4
Let p(a) = a**2 - 2. Let q be p(-2). Let k(g) = -3*g + 2. Let w be k(q). Let o = 10 - w. What is the greatest common factor of 35 and o?
7
Suppose 0 = -0*a + 5*a - 15. Suppose -b = h + 2*b - 37, -5*b + 127 = a*h. Calculate the greatest common divisor of h and 7.
7
Suppose 0 = -2*a + a. Suppose -4*r + 5*l + 563 = 206, 4*r - 4*l - 356 = a. Calculate the greatest common divisor of 8 and r.
8
Let t(o) = -o**2 - 23*o - 6. Let q be t(-17). Calculate the highest common divisor of q and 12.
12
Suppose -5*u = 20 - 30. What is the highest common factor of 22 and u?
2
Let n be (-1)/((-1)/12*3). What is the highest common factor of 36 and n?
4
Let c(l) = 7*l**2 - 9*l + 14. Let i be c(4). Calculate the greatest common factor of i and 60.
30
Let n be (24/(-3) - -4) + 0 + 22. What is the greatest common divisor of 45 and n?
9
Suppose 5*d - 65 = -h, 177 = 3*h - 5*d + 2. Let z be 6/(-9) + (-76)/(-6). Calculate the greatest common divisor of h and z.
12
Let m(b) = b - 6. Let k be m(4). Let a = 62 - k. Calculate the highest common factor of a and 8.
8
Let x be (-27)/(-15)*(-5)/(-1). Let s(m) = m**3 + 3*m**2 - 5*m + 5. Let p be s(-4). What is the greatest common factor of x and p?
9
Suppose 3*n - 5*j - 19 = 0, -4*n - 3*j = -0*n - 6. Suppose -n*u + 2*u = -20. Suppose 61 = 3*k - 29. Calculate the greatest common factor of k and u.
10
Let x = 5 - 0. Suppose 4*a - 3*l = 33, -x*a = -4*a + 4*l - 32. What is the greatest common divisor of a and 24?
12
Let h = 12 - 9. Suppose 0 = h*k - g - 21, 3*g - 2*g + 15 = 2*k. Suppose -18 = -6*q + 3*q. What is the highest common factor of q and k?
6
Suppose -372 = -3*u - 2*v, -158 = -2*u - 2*v + 88. Let t be -3 + 19 + -2 + 0. Calculate the greatest common factor of u and t.
14
Let v = -3 - -5. Suppose -4*l = -3*d + 62, 18 + 0 = 2*d + v*l. What is the highest common divisor of d and 7?
7
Let m be (-4323)/(-66) + 2/(-4). What is the highest common factor of m and 195?
65
Let z(n) = -n**3 + 0*n**2 + 2*n**2 + 2 - 5*n**2 - 7. Let y be z(-5). Let i = -29 + y. What is the highest common divisor of 24 and i?
8
Let b = 2 + -1. Let t(n) = 26*n**3 + n. Let p be t(b). What is the greatest common divisor of 9 and p?
9
Suppose 5*u - 45 = 5*i, -u + 2*i + 3 = -11. Suppose -b - u*b + 45 = 0. Let m be (12/(-10))/((-1)/15). What is the highest common factor of m and b?
9
Let c be (8/(-10))/((-6)/105). Let x be ((-4)/(-8))/((-2)/(-168)). What is the highest common factor of c and x?
14
Suppose -5*h - 11 = -61. Let r be -2 - -10 - -3 - 1. Suppose -90 + r = -c. What is the greatest common divisor of h and c?
10
Suppose -2*o = o - 9. Let l(c) = -c - 1. Let t(z) = -3*z. Let f(u) = 3*l(u) - 2*t(u). Let m be f(o). What is the greatest common factor of 15 and m?
3
Let i be -6*-6*(-25)/(-20). Let x be (-2)/(-6) + (-88)/(-6). Calculate the highest common divisor of i and x.
15
Suppose -5*q - 3*y = -67 - 304, 0 = 5*q - 2*y - 386. Let s(t) = -5*t - 1. Let b be s(-4). What is the greatest common divisor of q and b?
19
Let x be ((1 - 3) + -30)*-5. Let c = x - 7. What is the highest common divisor of c and 17?
17
Let p(g) = -g**3 + 8*g**2 - 7*g + 9. Let h be p(7). What is the highest common factor of 1 and h?
1
Let i be ((-39)/9)/(2/24). Let v = -37 - i. Suppose -5*t + 50 = -0*t. What is the greatest common divisor of t and v?
5
Let i = 5 + 7. Suppose -5*z = -a - 30, 0 = -3*z - 0*z - 4*a + 18. Let s be (-286)/(-6) + 2/z. Calculate the highest common factor of s and i.
12
Suppose a + 3*s = -7, -3*a + s + 15 = -2*s. Suppose 0 = 2*m + a*o - 8, 5*m - 7*o - 50 = -2*o. What is the greatest common divisor of m and 35?
7
Let x(s) = 2*s + 9. Let z be x(-7). Let g = 3 - z. Calculate the greatest common factor of g and 56.
8
Suppose 5*n - 14 = 16. Let u = 8 - n. Calculate the highest common divisor of 6 and u.
2
Suppose 6*u - 145 = -7. What is the highest common divisor of 23 and u?
23
Let l(g) = g + 90. Let d be l(0). Let h be -2*4/((-8)/9). What is the highest common divisor of d and h?
9
Let v be (12/(-39))/(2/(-13)). Suppose 5*c - 2*i = 2, c = 2*c - i + 2. What is the highest common factor of c and v?
2
Let f(v) = -v**3 + 9*v**2 + v - 1. Let s be f(9). What is the highest common factor of s and 64?
8
Suppose 2*x + 41 - 107 = 0. Calculate the greatest common factor of x and 22.
11
Suppose -5*v + 7*v = 14. Calculate the greatest common factor of 28 and v.
7
Let d be 16/4*17/4. What is the highest common divisor of 34 and d?
17
Let n = -56 + 76. What is the highest common divisor of n and 10?
10
Let p(r) = r**3 - 17*r**2 + 33*r. Let s be p(17). Calculate the greatest common divisor of s and 51.
51
Suppose -2*g + 32 = -4*d, 2*g + 3*d - 17 = 4*d. Suppose g*m - 5*m = 5. Calculate the highest common divisor of 5 and m.
5
Let y be 13/(-3)*1*3. Let w = 21 + y. Calculate the highest common factor of 2 and w.
2
Let a = 241 + -151. What is the highest common factor of 60 and a?
30
Suppose -3*m = 3*f - 159, -3*f - m + 109 = -f. Suppose 3*n - 7*n + f = 0. Let l be (-14)/((-11)/5 - -2). What is the greatest common factor of n and l?
14
Let g be -4 - -8 - 2*1. Calculate the greatest common divisor of 1 and g.
1
Let l(d) = d**3 - 8*d**2 + 10*d - 13. Let j be l(7). What is the greatest common factor of j and 64?
8
Let x = -506 + 330. Let y be (x/6)/((-9)/27). Suppose 4*f = 2*j + 44, -6*f + 3*f + 3*j + 33 = 0. What is the highest common factor of y and f?
11
Let k(g) = 3*g**2 + 5*g - 3. Let d be k(4). What is the highest common divisor of d and 13?
13
Suppose 0 = -7*c - 29 + 64. Calculate the greatest common factor of c and 95.
5
Suppose -5*i + 2*y + 64 = 0, -2*i - y + 6*y = -34. Suppose -3*z + 59 = 2*r - 76, 3*z - 255 = -4*r. Calculate the high